, x + 2*x + 3 = 0. What is the greatest common divisor of 200 and n?
25
Let k = -397 - -502. What is the highest common factor of k and 840?
105
Suppose -5*o - 2*l = -9, 3*o + 4*l = -o + 12. Let j(t) = -2*t - 1. Let f be j(-3). What is the greatest common factor of f and o?
1
Let u(s) = s**3 - 6*s**2 + 6*s + 1. Let f be u(5). Suppose b + 330 = f*b. Let q = 247 - 236. Calculate the highest common divisor of b and q.
11
Let c(w) = w - 24. Let q(j) = -j + 1. Let h(k) = c(k) + 3*q(k). Let y be h(-16). Let p = y - 2. What is the greatest common factor of 36 and p?
9
Let q = 3 - -7. Let b = q + 3. What is the greatest common divisor of b and 13?
13
Let h(n) = 69*n - 2 - 4 + 0 - 4. Let b be h(7). Suppose -73 + b = 5*d. What is the highest common factor of d and 32?
16
Suppose 0 = -0*x - x + 5*k + 14, -6 = 3*k. Suppose -x*t - u = -218, 5*t + 2*u + 6 - 280 = 0. What is the greatest common factor of t and 135?
27
Suppose 0 = -p + 279 - 29. Let m = p + 141. Calculate the greatest common factor of 23 and m.
23
Let d = -8 - -13. Suppose d*x - 5*b - 4 = 1, x + 2*b = 10. Suppose 167 = x*q + 7. What is the greatest common factor of 10 and q?
10
Suppose 0*f - 5*f + 40 = 0. Let c = 37 - 5. Calculate the highest common divisor of f and c.
8
Suppose 3*a + 8265 = 4*g, 46*g - 5*a + 8241 = 50*g. Calculate the highest common divisor of g and 48.
48
Suppose -5*h + 146*s = 147*s - 227, 4*s - 233 = -5*h. Suppose -15 = -4*q + 45. Calculate the greatest common factor of h and q.
15
Suppose -15*w + 235 = -65. What is the highest common divisor of w and 5?
5
Let q(n) = 274*n - 1366. Let l be q(5). Suppose 2*c + 2*g = 27 + 9, 0 = 2*c + g - 34. What is the greatest common factor of c and l?
4
Suppose -743*t = -739*t - 2380. What is the highest common divisor of t and 35?
35
Let o be ((-54)/10)/((-2)/20 + 0). Calculate the greatest common factor of 126 and o.
18
Let z(k) = k**3 + 7*k**2 + 5*k + 3. Suppose v = 2*w - 6 - 4, 0 = v - w + 8. Let g be z(v). Calculate the highest common factor of 27 and g.
9
Let l(m) = -m**2 + 8*m + 12. Let t be l(9). Suppose 220 = 2*h + t*h. Calculate the highest common divisor of 22 and h.
22
Suppose 3*h + 2*f - 150 = 0, -100 = -7*h + 5*h - 3*f. What is the greatest common divisor of 30 and h?
10
Let w(t) = 7*t - 4. Let g be w(3). Suppose 4*k - 1201*l - 214 = -1199*l, 4*l + 275 = 5*k. Calculate the highest common factor of g and k.
17
Let y = -456 + 1039. What is the highest common divisor of y and 53?
53
Let u = 113 + -62. What is the greatest common divisor of u and 204?
51
Let h(z) = 19*z**2 + 2*z + 1. Let c be h(-4). Let r = -2725 + 2752. What is the highest common divisor of c and r?
27
Suppose 0 + 8 = 4*t. Let l(h) = 8*h**2 - 51*h - 19. Let w be l(7). What is the highest common divisor of w and t?
2
Let o = 1 - -2. Suppose 10 = 2*i - 10. Let f = 17 + i. Calculate the greatest common divisor of o and f.
3
Suppose -4*p - 25 = -x, -3*p - p - 40 = -4*x. Let g be (72 + x)/(-1 + 2) - -3. What is the highest common factor of g and 10?
10
Let v be 165 - ((11 - 20) + -1). Calculate the highest common factor of v and 15.
5
Let h(d) = d**3 - 2*d**2 + 3*d - 12. Let f be h(5). Suppose -f + 14 = -8*j. What is the greatest common divisor of 1 and j?
1
Let l(c) = c**3 + 9*c**2 + 8*c + 10. Let h be l(-8). Let o(z) = 3*z - 6. Let n be o(h). What is the highest common factor of 16 and n?
8
Suppose -3*r + 2435 + 736 = 4*y, 0 = -3*y + 2*r + 2374. What is the highest common divisor of y and 288?
72
Let s be 22/26 + -1 + 36897/273. Let f = s + -131. What is the highest common divisor of f and 16?
4
Suppose -2*r - 3*r + 5 = 0, -183 = 2*z - 3*r. Let y be (z/(-25))/((-1)/(-10)*3). Calculate the highest common factor of y and 72.
12
Let n be (-10)/4*(-84)/15. Let r(a) = a**2 + 5*a + 6. Let q be 7*1 + (-2)/1. Let w be r(q). Calculate the greatest common factor of n and w.
14
Suppose -2*d + 9 - 9 = 0. Let b be (d - 2) + 7 + 3. Suppose -3*f = 4*l - 358, 2*l = -f - f + 180. What is the greatest common factor of b and l?
8
Let o = 58 - 7. Let f = 73 - o. Calculate the greatest common divisor of 77 and f.
11
Let w(o) = -o**2 + 4*o + 2. Let u be w(4). Suppose 131 = x - 4*s, 5*x = x + u*s + 482. What is the highest common divisor of x and 7?
7
Let q(s) = -s**2 - 2. Let z be q(0). Let p be 5*z/(2/(-1)). Suppose 53 = -5*u + 278. Calculate the greatest common divisor of p and u.
5
Let s = -79 - -21. Suppose 0 = 3*v - 2*x + 11, 5*x - 15 = -12*v + 7*v. Let t be v + s*(-3)/6. What is the highest common factor of t and 28?
28
Let o be -27*(-10)/(-6)*2/5. Let q(w) = -4*w - 63. Let c be q(o). Calculate the greatest common divisor of c and 99.
9
Suppose 132 = 4*u - u - 5*y, -5*u - 5*y + 180 = 0. Let l = u + -27. Let a = l + 0. What is the highest common divisor of a and 132?
12
Suppose 0 = 104*x - 96*x - 2232. What is the highest common factor of 9 and x?
9
Let k = -1271 + 1314. What is the greatest common divisor of k and 817?
43
Let w be (-10)/35 - 16/(-7). Suppose -2*m + r = -236, m + m + w*r - 242 = 0. Suppose m = 8*b - 217. What is the highest common factor of b and 6?
6
Suppose -6 = -t - 2. Let u be (3/t)/(-1)*-52. Suppose 5*n - 2*h - 68 = -h, -n + 4*h = -25. Calculate the highest common factor of n and u.
13
Let d be (2 - -3)*((-162)/(-10) - 2). Let o = d - 62. Let s = 49 + -13. What is the highest common factor of s and o?
9
Suppose -9*v + 6*v = -78. Suppose -j = -5*j + 1144. Calculate the highest common divisor of v and j.
26
Suppose -2*j + 481 = -5*d, 2*d - 821 = -2*j - 319. Calculate the highest common factor of j and 93.
31
Let l(g) = g**2 + 8*g + 7. Let f be l(-7). Suppose -5*x + 30 + 45 = f. Let a(m) = 4*m - 14. Let i be a(5). What is the highest common factor of x and i?
3
Suppose -2*l - 138 + 580 = 0. What is the greatest common factor of 13 and l?
13
Let l be 4/(-14) - 15420/(-21). Suppose 6*h - l = 3*h + 4*w, 3*w + 15 = 0. What is the highest common factor of 34 and h?
34
Let w = 329 + -35. Suppose -4*n = a - 3*a + 212, 3*a = -2*n + w. Suppose 5*f - a = j - 4*j, 4*f = j - 22. Calculate the highest common divisor of 15 and j.
15
Let m = 62 + -61. Let r be m/((2/44)/1). What is the greatest common divisor of r and 44?
22
Suppose 13643 = 42*q - 11473. Calculate the highest common factor of q and 78.
26
Suppose 0 = 2*f - 14 - 14. Suppose 2*w = 2 + f. Let h be (28/w + 0)*2. Calculate the greatest common factor of h and 7.
7
Suppose -4*j = -l + 39, -4*l - j = -0*j - 156. Let g = 77 - l. Let d(s) = -s**3 - s + 95. Let m be d(0). What is the greatest common factor of g and m?
19
Suppose 5*a + 4*c - 60 = 91, -2*a - 5*c = -57. Let o(d) = -d**3 - 14*d**2 + 2*d + 22. Let n be o(-15). Calculate the highest common divisor of a and n.
31
Let b(c) = 3*c**2 + c + 12. Let i be b(2). Calculate the highest common divisor of 806 and i.
26
Let q(g) = 6*g**2 + 15. Let r = -53 - -59. Let b be q(r). Let h(t) = -18*t - 3. Let p be h(-2). What is the greatest common divisor of b and p?
33
Suppose 8*p - 3*p = 740. What is the highest common divisor of 37 and p?
37
Suppose 181 = 3*a - 248. Suppose -33 = 5*x - a. Calculate the highest common divisor of 55 and x.
11
Let o be (-11)/(-3)*(66/6 + -2). Let g be (-3)/(-1) + 127 + 2. Calculate the highest common divisor of g and o.
33
Suppose 282 = 3*l - 60. Calculate the greatest common divisor of 1083 and l.
57
Suppose -10*t = -20 - 560. What is the greatest common divisor of t and 232?
58
Let y = -130 + 250. Let n = 628 + -598. What is the greatest common divisor of y and n?
30
Let m be (2 - 32)*16/(-48). Calculate the greatest common factor of m and 30.
10
Let w(d) = -2*d**2 + 16*d - 17. Let o be w(10). Let h be 4/6 - (o/9 - 4). Calculate the highest common divisor of 55 and h.
11
Let x(g) = -g - 19. Let s be x(12). Let v = s - -44. What is the greatest common factor of 65 and v?
13
Suppose 3*b + 5*a - 179 - 14 = 0, -2*b + 4*a = -136. What is the highest common factor of b and 99?
33
Suppose -5*x = 3*s - 870, 63 + 103 = x - s. Calculate the highest common divisor of x and 19.
19
Let a = 11 + -5. Suppose g - 2 = a. Calculate the highest common divisor of g and 24.
8
Suppose -3*h - 40 = -5*h. Suppose 30*p - 36*p + 24 = 0. Let z(o) = -9*o + 41. Let j be z(p). What is the greatest common divisor of j and h?
5
Let g be 1/(2*(-3)/(-180)). Let b = g - 1